 factor of k and 6061.
29
Let l = -13 + 10. Let f(o) = 5*o**3 + 3*o**2 - 2*o + 1. Let q be f(l). Let y = 157 + q. What is the highest common factor of 7 and y?
7
Let j(s) = -10*s + 30. Let u be j(3). Suppose 5*d - 2*c - 1225 = u, 0*d - c - 490 = -2*d. What is the highest common factor of 98 and d?
49
Let g = -7223 + 7271. What is the greatest common divisor of g and 2816?
16
Let m = 36 - 114. Let w = m - -113. Let z be (45/(-20))/(1/(-140)). Calculate the highest common divisor of w and z.
35
Let t be (0 - (-4)/(-8))*-8 + (-19)/(-19). What is the highest common divisor of t and 590?
5
Let i be -2 + 182/14 + -7. What is the greatest common factor of 5 and i?
1
Let k be 3 + 25/(-8) + (-2)/(-16). Suppose k = -196*z + 197*z - 29. What is the highest common factor of z and 145?
29
Let v = -361 - -366. Suppose 3*m - 83 = -v. Let h = -21 - -86. Calculate the highest common divisor of m and h.
13
Suppose q + 4 - 2 = d, -5*q = 5*d + 10. Let c = 12 + d. Suppose 5*s - c - 90 = -l, -s + 3*l + 14 = 0. Calculate the highest common factor of s and 50.
10
Suppose 0 = 2*h - 10 - 26. Let j = h - -36. Let t = -23 - -32. Calculate the highest common factor of j and t.
9
Suppose 3*i + 67*d - 65*d = 288, 0 = 5*i - 5*d - 505. Calculate the greatest common divisor of i and 1134.
14
Let f(k) = -552*k**3 + 8*k**2 + 34*k + 26. Let o be f(-1). Calculate the highest common divisor of o and 15.
3
Let p(r) = 37*r**2 - 65*r + 256. Let z be p(4). Calculate the greatest common factor of z and 231.
21
Suppose 3*n + 12510 = 4*i, -34*n = -38*n + 8. What is the greatest common factor of 21 and i?
21
Suppose -n - 91 = -5*i + 2*n, 0 = 3*i + 4*n - 43. Suppose 8*h - 10*h + 1934 = 0. Let j = 984 - h. Calculate the highest common factor of i and j.
17
Suppose 4*t - 3913 = -6*w + 20073, 4*t - 23985 = -5*w. Calculate the greatest common divisor of t and 110.
55
Let c = -185 + 117. Let q = 170 + c. Calculate the greatest common divisor of q and 136.
34
Let m(w) = w**2 + 3. Let i be m(-9). Let p(g) = 22*g - 828. Let v be p(42). Calculate the greatest common divisor of v and i.
12
Let z = 3908 - 3600. What is the greatest common divisor of 42 and z?
14
Suppose 3 = -3*t, 0 = -2*v + 18*t - 15*t + 7. Let h be 1*v - (-6 - (236 - 4)). Calculate the highest common divisor of h and 320.
80
Suppose -232*n + 16991 = -18737. Calculate the greatest common divisor of n and 112.
14
Let y = 12729 - 12591. Calculate the greatest common divisor of y and 9522.
138
Let v(c) = -c**3 + 17*c**2 + 20*c + 52. Let n be v(18). What is the greatest common divisor of n and 484?
44
Let j be ((-70824)/36)/(-13) + 1/((-6)/8). What is the greatest common divisor of j and 2550?
150
Let a = 6 + -2. Let c(o) = 2*o**2 - 31*o + 22. Let p be c(15). Suppose 3*h = -2*t + 22, -p*t - 26 = -4*h - 9*t. What is the highest common factor of a and h?
4
Let j(v) = v**3 + 8*v**2 + 12*v + 30. Let i be j(-9). Let m be -7*(-1)/2*(i - -173). Calculate the highest common divisor of 21 and m.
7
Let i = 5733 + -5669. What is the greatest common factor of i and 64?
64
Suppose -5*a + 5*c + 3400 = 0, 5*a - 9*c + 3386 = 10*a. What is the highest common divisor of 49 and a?
7
Let l = -37 - -42. Suppose 3*y + 3 = l*b + 35, 8 = 5*y + 3*b. Suppose 5*d - 12 = y*d. What is the highest common factor of d and 36?
12
Let k be (105/15)/((-3)/(-51)). Let d = 123 - k. What is the highest common factor of d and 36?
4
Suppose -2*z + 48 - 168 = -4*k, -76 = -2*k + 3*z. Let c(i) = i**3 + 15*i**2 + 10*i + 3. Let u be c(-7). What is the highest common factor of u and k?
13
Suppose 2*j + 1198 = 2*v, -110*j = 5*v - 109*j - 3001. Suppose -2*i + 503 = 5*x + 124, 79 = x + 2*i. What is the highest common factor of x and v?
75
Let d(z) = -z**3 - 27*z**2 + 138*z - 245. Let k be d(-33). Calculate the greatest common divisor of 5 and k.
5
Suppose -5*u = -13*u + 192. Let b be 2 + (4 + u)/4. Suppose 2*j + 4*d = 22, -d + 0 = -1. What is the greatest common divisor of j and b?
9
Suppose -5*t + 80 = 5*y, y + 84 = 4*t - 0*y. Let q be 24/((-6)/(-1)) - 3. Let u be (-6)/((5 - q) + (-133)/28). Calculate the greatest common factor of t and u.
4
Suppose -5*q - 2*f + 6 = 0, 5*f - 2 = 4*q + 13. Suppose -11*m + 502 + 26 = q. Suppose 0 = 6*x - 8*x + 32. Calculate the highest common divisor of x and m.
16
Let y be (-80)/5*(-3 + 2). Let c = 44 - y. Let j be 16/6*(-33)/(-22). What is the highest common divisor of j and c?
4
Suppose 3*c - 5*c = -96. Suppose -196*l = -313*l + 162864. Calculate the greatest common factor of l and c.
48
Let y(l) = l**2 + 14*l + 23. Let w be y(-21). Let o = -110 + w. Suppose 0 = -5*b - b + o. What is the highest common factor of 30 and b?
10
Let o = 456 + -680. Let n = 229 + o. What is the greatest common factor of n and 145?
5
Let r(s) = 10*s + 5 + 37 - 6*s + s. Let z be r(-6). Let i(t) = 26*t + 2. Let b be i(5). Calculate the highest common factor of b and z.
12
Suppose -6*y + 7*y - 5*y = 0. Suppose 5*r + 42 - 412 = 0. Suppose r = 3*h + 2*l - 318, y = 5*h + 3*l - 652. Calculate the greatest common factor of h and 16.
16
Suppose -o + 2*o - 558 = -3*c, 3*c - 561 = -2*o. Let m = -164 + 381. Let v = -143 + m. Calculate the greatest common factor of v and c.
37
Let x be (-3)/(-6) - (-875)/2. Suppose -3*w = 3*d - x, -w = w - 5*d - 271. Let a be (-75)/(-6) + -8 + (-26)/(-4). What is the highest common factor of w and a?
11
Let m(a) = -31*a - 61. Let i be m(-2). Let j be (-8)/32*-28*(3 + i). What is the highest common factor of 24 and j?
4
Suppose -i - 2*d = 161 - 417, -5*d - 1089 = -4*i. What is the greatest common factor of 190 and i?
38
Let g(i) = -i**3 - 13*i**2 - 5*i + 49. Let s be (-10)/(-7) + -2 - 1111/77. Let x be g(s). What is the greatest common factor of 14 and x?
14
Let l = -3145 + 7241. What is the highest common factor of l and 64?
64
Suppose -11949 = 28*a - 12565. Calculate the highest common divisor of a and 23342.
22
Suppose 52*v - 1445 = 35*v. Let h = -2 + v. What is the highest common factor of h and 332?
83
Let s = 26 - -85. Let f = s - 66. Let d be f/25*40/12. What is the highest common divisor of d and 30?
6
Let p = 1516 + 2242. Suppose -1085 = 9*c - p. Calculate the highest common divisor of c and 11.
11
Let d = 158 + -158. Let y be (d - 5) + 6 + 10. Calculate the greatest common divisor of 176 and y.
11
Let l(f) = 10*f - 1. Let d(x) = -x. Let g(v) = 14*d(v) + 2*l(v). Let s be g(1). Let w be 4*(s/8 - -2). What is the highest common factor of 10 and w?
10
Let l be (((-54)/(-9) - 4) + -17)*176/(-10). What is the greatest common factor of 2222 and l?
22
Suppose -33*l + 11088 = 9*l. Calculate the greatest common factor of l and 48.
24
Let s = 21941 - 21873. Calculate the highest common factor of 3043 and s.
17
Let z = -66 + 138. Let o = -18 - -27. What is the highest common divisor of z and o?
9
Let z(t) = t**2 + 35*t + 360. Let k be z(-20). What is the highest common factor of k and 15?
15
Let n be 546/10 + (-18)/54*12/(-10). What is the greatest common divisor of n and 880?
55
Let l be ((-160752)/3940)/(1/(-25)). What is the greatest common divisor of 660 and l?
60
Suppose -29*p - 5 = -30*p. Let g be (-1)/p + (-364)/(-20). Calculate the highest common divisor of 66 and g.
6
Let u = -373 + 340. Let q be 1*(-11)/(u/192). Calculate the greatest common factor of 128 and q.
64
Let w(h) = 13*h**3 + 6*h**2 - 38*h + 33. Let g be w(1). Calculate the highest common divisor of 46298 and g.
14
Let j = 25078 + -18422. Calculate the highest common divisor of 192 and j.
64
Let u(s) = 12*s + 67. Let g be u(-5). Suppose g*d = 3*d + 8, -f = -2*d - 86. Calculate the greatest common divisor of 36 and f.
18
Suppose 2*f - 29 + 155 = -4*q, -2*q + 4*f = 48. Let z be 4/q + 22560/450. Calculate the highest common factor of z and 400.
50
Let h = -193 - -198. Suppose 5*m - 16 - 90 = 3*k, 70 = 3*m - h*k. Calculate the highest common factor of m and 24.
4
Suppose 0 = -z + 2*y - 253 - 438, -5*z - 4*y = 3525. Let k = -404 - z. Let i be 2/(-2) + (28 - 0). What is the greatest common divisor of i and k?
27
Suppose 3*x + 3*a = 45, 0 = -x - 10*a + 11*a + 9. Suppose 5*w - 95 = -3*j, -4*j = -14*w + 12*w + x. Calculate the highest common factor of w and 48.
16
Suppose -c - 17 = -5*z, 3*c - 23 - 2 = -4*z. Let f be z + (70/10 - (4 - 1)). Let p = 229 - 165. What is the highest common facto